(-5). Let x be (-2 + 0)/(0 - w). What is the units digit of x/(-4)*(-10 + -2)?
6
Let q(l) = -2*l**3 + 4*l**2 - 5*l - 4. Let c(t) = -2*t**3 + 4*t**2 - 4*t - 4. Let a(i) = -4*c(i) + 3*q(i). What is the units digit of a(3)?
5
Suppose -y - 2*y = -90. What is the tens digit of y?
3
Let j = -394 - -668. What is the tens digit of j?
7
Suppose -21 = -3*g + 15. What is the units digit of g?
2
Let b(g) = g**3 - 6*g**2 - g - 6. Let o be b(6). Let v = 0 - 3. What is the units digit of ((-8)/v)/((-8)/o)?
4
Let u be 3/(-4) + (-49)/4. Let o = 1 + u. What is the units digit of o/(-2)*(-4)/(-3)?
8
Let z(t) be the second derivative of t**5/20 + 3*t**4/4 + 7*t**3/6 - 2*t**2 + 3*t. Let r(v) = v**2 + v - 8. Let f be r(0). What is the units digit of z(f)?
4
Let o = 7 - 1. Suppose -8*g + 16 = -o*g. What is the units digit of g?
8
Let u = 13 + -9. Suppose 8 + u = 4*s. What is the units digit of (4 + (-3)/s)*3?
9
Suppose 28 + 8 = 4*z. Let q = z - 6. What is the units digit of q?
3
Suppose -5*f = 2*d - 115, 0 = -5*d - f - 2*f + 278. What is the tens digit of d?
5
Suppose 3*u - 185 = -2*u. What is the tens digit of u?
3
Suppose 2 = -c + 2*c. Suppose 0 = b - 3 - c. What is the units digit of b?
5
Let r(j) = 3*j**2 - 3*j - 4. Let o be r(3). Let g(p) = -p**3 - 5*p**2 + 3*p + 9. Let v be g(-6). Let c = v - o. What is the units digit of c?
3
Let c = -6 - -5. Let z(m) = 9*m**2 - m. What is the tens digit of z(c)?
1
Let r(j) = 3*j**2 - 7*j + 4. Let o be r(4). Suppose -2*p = -5*n - o, -n = n. What is the tens digit of p?
1
Let f = -21 - -22. What is the units digit of f?
1
What is the tens digit of (27*-1)/(39/(-52))?
3
Let x = 149 - 82. What is the tens digit of x?
6
Suppose 5*a = 5*r, 5*a = -2*r - 0*r + 35. Suppose a*l - 19 = 11. What is the units digit of l?
6
Let f(p) be the first derivative of p**3/3 + 7*p**2/2 + 5*p + 5. What is the units digit of f(-7)?
5
Let w(x) = 2*x - 10. Let c be w(7). Suppose 3*g - 95 = -0*b + b, 0 = g - 2*b - 40. What is the units digit of (-3 + c)/(2/g)?
5
Let f be 3 - 1 - 71*16. What is the tens digit of (-1)/5 - f/45?
2
Let o be 1*(-3 + 5) - -1. Suppose -4*w = q - 16, -o*q + 8*q - w + 4 = 0. Suppose q = 4*t - 15 - 9. What is the units digit of t?
6
Let o(h) = h**2 - 5*h + 17. What is the tens digit of o(10)?
6
Let m = -163 + 359. What is the hundreds digit of m?
1
Suppose 1366 = 4*l - 6*q + 4*q, -2*l = 2*q - 668. What is the tens digit of l?
3
Let c(o) be the second derivative of -5/6*o**3 + 0 + o**2 - o - 5/12*o**4 - 1/20*o**5. What is the units digit of c(-4)?
6
Let b be 2*(3 - (-4)/(-8)). Suppose -3*t + 15 = -2*m, -4*m = -3*t + 20 - b. What is the units digit of t?
5
What is the hundreds digit of -1*(-4 - (-5)/((-20)/916))?
2
What is the tens digit of (4*14)/((-20)/(-60))?
6
What is the tens digit of (-564)/(-10) + 4/(-10)?
5
Let c(j) be the first derivative of -j**3/3 + 9*j**2/2 + j - 1. What is the units digit of c(8)?
9
Let q = -8 + 4. Let d = -1 - q. Suppose 0 = d*z + 2*z - 20. What is the units digit of z?
4
What is the units digit of (-3)/(18/12) - -46?
4
What is the units digit of (-6)/(-9) - (-1)/3?
1
Let n(f) = -f - 1. Let h be n(7). Let t(p) = -p**3 + 5*p**2 + 8*p - 1. Let v be t(6). Let z = h + v. What is the units digit of z?
3
Let v(y) = y**2 + 2*y + 22. What is the units digit of v(-5)?
7
Suppose 0*o = 2*y - 2*o + 4, -4*y - 1 = 3*o. Let h be -2*y/((-6)/(-63)). Let u = h + -10. What is the units digit of u?
1
Let o = 0 + -4. Let i be (-54)/(-12) + (-6)/o. Let n = i - 5. What is the units digit of n?
1
Let f(w) be the first derivative of -3*w**2/2 + 2*w + 4. What is the units digit of f(-3)?
1
Suppose 0 = 3*z + 2 + 4. Let a be (-1)/(2/(-9))*z. What is the units digit of (6/(-4))/(a/6)?
1
Suppose 2*t = -f + 132, -116 = -2*t + 4*f - f. Suppose 0 = -4*v + t - 20. What is the units digit of v?
1
Suppose -4*t + 2 = -14. Suppose -h + 65 = t*h + 5*c, -2*h - 4*c + 24 = 0. What is the units digit of h?
4
Let l(h) = h**3 - 7*h**2 + 9*h - 8. Let z(j) = 15*j - 1. Let s be z(-1). Let p = s + 22. What is the units digit of l(p)?
0
Let l = 143 - 62. What is the tens digit of l?
8
Let f(v) = v - 5. Let n(x) = -x - 1. Let z(p) = -f(p) - 2*n(p). Let m(o) = o**2 - 5*o + 1. Let d be m(4). What is the units digit of z(d)?
4
Suppose 0 = v - 16 - 146. What is the units digit of v?
2
Suppose -2*c = 2*j - 2, -3*j + 5*c = -2*j - 7. Suppose -d + 7 = -k + j*d, 4*k + 5*d - 6 = 0. What is the units digit of (-18 - -2)/k - 1?
5
Let g(m) = m**3 + 5*m**2 - 9*m - 8. Let u be g(-6). Let n = u - -27. What is the tens digit of n?
3
What is the tens digit of 2*(-1)/4*-28?
1
Let z(g) = 2*g**2 - 51*g - 28. What is the tens digit of z(28)?
1
Suppose -4*m + 3*o + 85 = -27, -105 = -5*m - 5*o. Suppose -4*c = c - m. What is the tens digit of 6/15 + 68/c?
1
What is the tens digit of 13/(-39) - (-70)/3?
2
Let x be ((-18)/5)/((-6)/(-20)). Suppose -q = -5*a + 30 + 72, 3*a + 3*q = 54. Let c = a + x. What is the units digit of c?
8
Suppose -l + 4 + 1 = 0. Suppose l*o - 3*d - 2*d = 85, 4*d + 28 = 2*o. What is the tens digit of o?
2
Let h(f) = -f**3 - 18*f**2 + 34*f - 4. What is the tens digit of h(-20)?
1
Suppose -2*y + 0 = -16. What is the units digit of y?
8
Let q(s) = -4 + 1 + 1 - 3 + 6*s. What is the tens digit of q(4)?
1
Suppose 1 = 3*p - 4*g, 3*p = p + 2*g + 2. Let w be (p/(-2))/(3/(-4)). Suppose 3*m - w*z - 41 = 0, 6 = -2*z + 5*z. What is the units digit of m?
5
Suppose -4*u - 34 = -2*f, -57 - 30 = -3*f - 3*u. What is the units digit of f?
5
What is the hundreds digit of 1*39/(-9)*-27?
1
Let s = 5 - 0. Suppose l = 22 - s. What is the tens digit of l?
1
Let k = 15 + -10. What is the units digit of k?
5
Let f(t) = -3 - 2 + 3 + t. Let h be f(4). Suppose -5*l - h*k = -9, 0 = -4*l + 2*k + 3*k - 6. What is the units digit of l?
1
Let h(y) = -y**3 + 5*y**2 + 11*y - 4. What is the tens digit of h(3)?
4
Let u be (1 - -1)/(10/(-95)). Let k = 34 + u. What is the tens digit of k?
1
Let l = -12 + 17. Suppose -2*a = -a. Suppose -2 = -a*z + 2*z, l*z = 4*h - 13. What is the units digit of h?
2
Let x(h) = h**2 - 3*h - 9. Let y be x(7). Let p = y - 11. What is the units digit of 46/p + 1/4?
6
What is the units digit of -2*10/(-80) + (-1862)/(-8)?
3
Suppose -8 = 3*k + 7. Let h = 11 + k. What is the units digit of (h/3)/(2/3)?
3
Let h(f) = f + 4. Let o be h(0). Let c = o + -4. Suppose -4*d + 9*d - 30 = c. What is the units digit of d?
6
Let v(p) = p - 3*p**2 + 2*p**2 + 2*p - 5. Let u be v(4). What is the units digit of u/(-5)*(-6 - -11)?
9
Let y(m) = m**2 - 7*m - 1. What is the tens digit of y(17)?
6
Suppose 5*v - 4 = 4*v + t, -v - 5*t = 8. Suppose 3*u - 5*w = 29, -2*u + v*w = -19 + 1. Suppose 4*k = 3*x - 2 + 1, 0 = -4*k + u. What is the units digit of x?
3
Suppose 2*d - 21 = -9. Suppose 5*l = 3*s + 2, 0 = l - d*l + 5*s. What is the units digit of l?
1
Suppose -a - 1 = -3. Let s = -3 - a. Let d = 12 + s. What is the units digit of d?
7
Suppose 3*k = -2*g - g + 15, 0 = -k + 3*g + 1. Suppose -26 = -k*b - 14. What is the units digit of b?
3
Let f = 22 + -11. Let q = 26 - f. What is the units digit of q?
5
Let d = 3 + 5. What is the units digit of ((-5)/20)/((-2)/d)?
1
What is the units digit of (-2 - 0)*(-5 + 4)*8?
6
Suppose 2*q = -o - q + 27, -4*q - 140 = -4*o. What is the tens digit of o?
3
Suppose 2*f - 21 = -5*y, -3*f - f + 4*y + 84 = 0. Suppose -3*k = -5*o - f - 24, o + 12 = k. What is the units digit of k?
9
Let s(h) = 3 - 3 + 2 - h. What is the units digit of s(0)?
2
Let y be (-1)/(2*(-1)/38). Suppose k = -i + 4*k + y, 20 = -4*k. What is the units digit of i?
4
Let v be ((-3)/(-6))/(2/(-4)). Let f(o) be the third derivative of 4*o**5/15 - o**4/24 + 2*o**2. What is the units digit of f(v)?
7
Let u = -15 - -16. What is the units digit of u?
1
Suppose r = -2*g + 48, -r - 19 = 5*g - 67. What is the units digit of r?
8
Suppose 111 = 4*c - 89. Let m = c - 19. What is the units digit of 12/18 - m/(-3)?
1
Let t = 14 + 3. What is the tens digit of t?
1
Let d(m) = m**3 - 7*m**2 + 2*m - 8. Let a be ((-1)/(-1))/(1/7). Let z be d(a). Let w = -3 + z. What is the units digit of w?
3
Suppose -5 = 2*p + 3*p. Suppose 0*l + l + 2 = 0. Let a = p - l. What is the units digit of a?
1
Suppose -3*p + 3*v = -2*p - 6, 0 = -p - 2*v + 21. Suppose 5*s - 2*s + 3*m = p, 0 = -m - 4. What is the units digit of s?
9
W